{"id":25,"date":"2021-05-20T21:43:38","date_gmt":"2021-05-20T19:43:38","guid":{"rendered":"https:\/\/audeaventure.fr\/?page_id=25"},"modified":"2024-07-04T15:20:01","modified_gmt":"2024-07-04T13:20:01","slug":"canoe","status":"publish","type":"page","link":"https:\/\/audeaventure.fr\/?page_id=25","title":{"rendered":"Can\u00f6e"},"content":{"rendered":"\t\t<div data-elementor-type=\"wp-page\" data-elementor-id=\"25\" class=\"elementor elementor-25\">\n\t\t\t\t\t\t<section class=\"elementor-section elementor-top-section elementor-element elementor-element-a22cdd4 elementor-section-boxed elementor-section-height-default elementor-section-height-default\" data-id=\"a22cdd4\" data-element_type=\"section\" data-e-type=\"section\">\n\t\t\t\t\t\t<div class=\"elementor-container elementor-column-gap-default\">\n\t\t\t\t\t<div class=\"elementor-column elementor-col-100 elementor-top-column elementor-element elementor-element-64cd272\" data-id=\"64cd272\" data-element_type=\"column\" data-e-type=\"column\">\n\t\t\t<div class=\"elementor-widget-wrap elementor-element-populated\">\n\t\t\t\t\t\t<div class=\"elementor-element elementor-element-0d35b40 elementor-widget elementor-widget-heading\" data-id=\"0d35b40\" data-element_type=\"widget\" data-e-type=\"widget\" data-widget_type=\"heading.default\">\n\t\t\t\t\t<h3 class=\"elementor-heading-title elementor-size-default\">CAN\u00d6E<\/h3>\t\t\t\t<\/div>\n\t\t\t\t<div class=\"elementor-element elementor-element-13c1893 elementor-widget elementor-widget-spacer\" data-id=\"13c1893\" data-element_type=\"widget\" data-e-type=\"widget\" data-widget_type=\"spacer.default\">\n\t\t\t\t\t\t\t<div class=\"elementor-spacer\">\n\t\t\t<div class=\"elementor-spacer-inner\"><\/div>\n\t\t<\/div>\n\t\t\t\t\t\t<\/div>\n\t\t\t\t\t<\/div>\n\t\t<\/div>\n\t\t\t\t\t<\/div>\n\t\t<\/section>\n\t\t\t\t<section class=\"elementor-section elementor-top-section elementor-element elementor-element-2c6f446 elementor-section-boxed elementor-section-height-default elementor-section-height-default\" data-id=\"2c6f446\" data-element_type=\"section\" data-e-type=\"section\">\n\t\t\t\t\t\t<div class=\"elementor-container elementor-column-gap-default\">\n\t\t\t\t\t<div class=\"elementor-column elementor-col-50 elementor-top-column elementor-element elementor-element-e38730c\" data-id=\"e38730c\" data-element_type=\"column\" data-e-type=\"column\">\n\t\t\t<div class=\"elementor-widget-wrap elementor-element-populated\">\n\t\t\t\t\t\t<div class=\"elementor-element elementor-element-c89fe02 elementor-widget elementor-widget-image\" data-id=\"c89fe02\" data-element_type=\"widget\" data-e-type=\"widget\" data-widget_type=\"image.default\">\n\t\t\t\t\t\t\t\t\t\t\t\t\t\t\t<img fetchpriority=\"high\" decoding=\"async\" width=\"800\" height=\"600\" src=\"https:\/\/audeaventure.fr\/wp-content\/uploads\/2021\/05\/CANOE-AAV-e1621635645560.jpg\" class=\"attachment-large size-large wp-image-8\" alt=\"\" srcset=\"https:\/\/audeaventure.fr\/wp-content\/uploads\/2021\/05\/CANOE-AAV-e1621635645560.jpg 800w, https:\/\/audeaventure.fr\/wp-content\/uploads\/2021\/05\/CANOE-AAV-e1621635645560-300x225.jpg 300w, https:\/\/audeaventure.fr\/wp-content\/uploads\/2021\/05\/CANOE-AAV-e1621635645560-768x576.jpg 768w, https:\/\/audeaventure.fr\/wp-content\/uploads\/2021\/05\/CANOE-AAV-e1621635645560-230x173.jpg 230w, https:\/\/audeaventure.fr\/wp-content\/uploads\/2021\/05\/CANOE-AAV-e1621635645560-350x263.jpg 350w, https:\/\/audeaventure.fr\/wp-content\/uploads\/2021\/05\/CANOE-AAV-e1621635645560-480x360.jpg 480w\" sizes=\"(max-width: 800px) 100vw, 800px\" \/>\t\t\t\t\t\t\t\t\t\t\t\t\t\t\t<\/div>\n\t\t\t\t<div class=\"elementor-element elementor-element-822d1dc elementor-widget elementor-widget-video\" data-id=\"822d1dc\" data-element_type=\"widget\" data-e-type=\"widget\" data-settings=\"{&quot;youtube_url&quot;:&quot;https:\\\/\\\/www.youtube.com\\\/watch?v=nwseUOYLCXs&quot;,&quot;video_type&quot;:&quot;youtube&quot;,&quot;controls&quot;:&quot;yes&quot;}\" data-widget_type=\"video.default\">\n\t\t\t\t\t\t\t<div class=\"elementor-wrapper elementor-open-inline\">\n\t\t\t<div class=\"elementor-video\"><\/div>\t\t<\/div>\n\t\t\t\t\t\t<\/div>\n\t\t\t\t\t<\/div>\n\t\t<\/div>\n\t\t\t\t<div class=\"elementor-column elementor-col-50 elementor-top-column elementor-element elementor-element-a298eb9\" data-id=\"a298eb9\" data-element_type=\"column\" data-e-type=\"column\">\n\t\t\t<div class=\"elementor-widget-wrap elementor-element-populated\">\n\t\t\t\t\t\t<div class=\"elementor-element elementor-element-fa35a9f elementor-widget elementor-widget-text-editor\" data-id=\"fa35a9f\" data-element_type=\"widget\" data-e-type=\"widget\" data-widget_type=\"text-editor.default\">\n\t\t\t\t\t\t\t\t\t<h3>C&#8217;est quoi ?<\/h3><p>Le Cano\u00eb est une embarcation stable et s\u00e9curisante qui vous permet de d\u00e9couvrir, seul ou accompagn\u00e9 d\u2019un moniteur dipl\u00f4m\u00e9, le frisson de l\u2019eau vive.<\/p><h3>Circuits :<\/h3><ul><li><strong><span style=\"text-decoration: underline;\">Avec guide :<\/span> Obligatoire pour les enfants de moins de 8 ans<\/strong> (descente de 2h)<\/li><li>Descente de 6 km <strong>sans guide<\/strong> (location)<\/li><li>Descente de 9 km <strong>sans guide<\/strong> (location)<\/li><li>Descente de 15 km <strong>sans guide<\/strong> (location)<\/li><\/ul><h3>\u00a0<\/h3><h3>Prestation<\/h3><div class=\"et_pb_toggle_content clearfix\"><ul><li><span style=\"text-decoration: underline;\"><strong>Avec guide :<\/strong> <\/span>encadrement, mat\u00e9riel fourni, assurance comprise. Navettes par mini bus \u00e0 partir de la base d\u2019<a href=\"http:\/\/www.aleteauvive.com\/fr\/canoe-aude\/\"><strong>Alet eau vive<\/strong><\/a>.<\/li><li><span style=\"text-decoration: underline;\"><strong>Sans guide :<\/strong><\/span> mat\u00e9riel fourni. Navettes par mini bus \u00e0 partir de la base d&#8217;<a href=\"http:\/\/www.aleteauvive.com\/fr\/canoe-aude\/\"><strong>Alet eau vive<\/strong><\/a> .<\/li><\/ul><h3>\u00a0<\/h3><h3>Je peux pratiquer si &#8230;<\/h3><ul><li>je pr\u00e9vois des baskets et un maillot de bain<\/li><li>je sais nager<\/li><\/ul><h3>\u00a0<\/h3><h3>Base<\/h3><p><a href=\"http:\/\/www.aleteauvive.com\/fr\/canoe-aude\/\"><strong>Alet eau vive<\/strong><\/a> \u00e0 Alet les bains<\/p><h3>\u00a0<\/h3><\/div>\t\t\t\t\t\t\t\t<\/div>\n\t\t\t\t<div class=\"elementor-element elementor-element-a793b30 elementor-align-center elementor-widget elementor-widget-button\" data-id=\"a793b30\" data-element_type=\"widget\" data-e-type=\"widget\" data-widget_type=\"button.default\">\n\t\t\t\t\t\t\t\t\t\t<a class=\"elementor-button elementor-button-link elementor-size-sm\" href=\"https:\/\/audeaventure.fr\/?page_id=29\">\n\t\t\t\t\t\t<span class=\"elementor-button-content-wrapper\">\n\t\t\t\t\t\t\t\t\t<span class=\"elementor-button-text\">Contactez-nous<\/span>\n\t\t\t\t\t<\/span>\n\t\t\t\t\t<\/a>\n\t\t\t\t\t\t\t\t<\/div>\n\t\t\t\t\t<\/div>\n\t\t<\/div>\n\t\t\t\t\t<\/div>\n\t\t<\/section>\n\t\t\t\t<section class=\"elementor-section elementor-top-section elementor-element elementor-element-9f15619 elementor-section-boxed elementor-section-height-default elementor-section-height-default\" data-id=\"9f15619\" data-element_type=\"section\" data-e-type=\"section\">\n\t\t\t\t\t\t<div class=\"elementor-container elementor-column-gap-default\">\n\t\t\t\t\t<div class=\"elementor-column elementor-col-100 elementor-top-column elementor-element elementor-element-d989534\" data-id=\"d989534\" data-element_type=\"column\" data-e-type=\"column\">\n\t\t\t<div class=\"elementor-widget-wrap elementor-element-populated\">\n\t\t\t\t\t\t<div class=\"elementor-element elementor-element-778b677 elementor-widget elementor-widget-spacer\" data-id=\"778b677\" data-element_type=\"widget\" data-e-type=\"widget\" data-widget_type=\"spacer.default\">\n\t\t\t\t\t\t\t<div class=\"elementor-spacer\">\n\t\t\t<div class=\"elementor-spacer-inner\"><\/div>\n\t\t<\/div>\n\t\t\t\t\t\t<\/div>\n\t\t\t\t\t<\/div>\n\t\t<\/div>\n\t\t\t\t\t<\/div>\n\t\t<\/section>\n\t\t\t\t<section class=\"elementor-section elementor-top-section elementor-element elementor-element-b0c3da0 elementor-section-boxed elementor-section-height-default elementor-section-height-default\" data-id=\"b0c3da0\" data-element_type=\"section\" data-e-type=\"section\">\n\t\t\t\t\t\t<div class=\"elementor-container elementor-column-gap-default\">\n\t\t\t\t\t<div class=\"elementor-column elementor-col-25 elementor-top-column elementor-element elementor-element-0856935\" data-id=\"0856935\" data-element_type=\"column\" data-e-type=\"column\">\n\t\t\t<div class=\"elementor-widget-wrap elementor-element-populated\">\n\t\t\t\t\t\t<div class=\"elementor-element elementor-element-5591eed elementor-widget elementor-widget-heading\" data-id=\"5591eed\" data-element_type=\"widget\" data-e-type=\"widget\" data-widget_type=\"heading.default\">\n\t\t\t\t\t<h3 class=\"elementor-heading-title elementor-size-default\">Avec guide<\/h3>\t\t\t\t<\/div>\n\t\t\t\t<div class=\"elementor-element elementor-element-f51ff70 elementor-widget elementor-widget-text-editor\" data-id=\"f51ff70\" data-element_type=\"widget\" data-e-type=\"widget\" data-widget_type=\"text-editor.default\">\n\t\t\t\t\t\t\t\t\t<h4>35\u20ac\/personne<\/h4>\t\t\t\t\t\t\t\t<\/div>\n\t\t\t\t<div class=\"elementor-element elementor-element-14df0b0 elementor-widget-divider--view-line elementor-widget elementor-widget-divider\" data-id=\"14df0b0\" data-element_type=\"widget\" data-e-type=\"widget\" data-widget_type=\"divider.default\">\n\t\t\t\t\t\t\t<div class=\"elementor-divider\">\n\t\t\t<span class=\"elementor-divider-separator\">\n\t\t\t\t\t\t<\/span>\n\t\t<\/div>\n\t\t\t\t\t\t<\/div>\n\t\t\t\t<div class=\"elementor-element elementor-element-a03663a elementor-widget elementor-widget-text-editor\" data-id=\"a03663a\" data-element_type=\"widget\" data-e-type=\"widget\" data-widget_type=\"text-editor.default\">\n\t\t\t\t\t\t\t\t\t<ul><li>Apr\u00e8s-midi<\/li><li><strong>D\u00e9couverte avec guide pour les moins de 10 ans<br \/><\/strong><\/li><li>Mat\u00e9riel fournis<\/li><li>30\u20ac pour les enfants (10ans)<\/li><\/ul>\t\t\t\t\t\t\t\t<\/div>\n\t\t\t\t\t<\/div>\n\t\t<\/div>\n\t\t\t\t<div class=\"elementor-column elementor-col-25 elementor-top-column elementor-element elementor-element-593dbf1\" data-id=\"593dbf1\" data-element_type=\"column\" data-e-type=\"column\">\n\t\t\t<div class=\"elementor-widget-wrap elementor-element-populated\">\n\t\t\t\t\t\t<div class=\"elementor-element elementor-element-9200b9b elementor-widget elementor-widget-heading\" data-id=\"9200b9b\" data-element_type=\"widget\" data-e-type=\"widget\" data-widget_type=\"heading.default\">\n\t\t\t\t\t<h3 class=\"elementor-heading-title elementor-size-default\">6 km<\/h3>\t\t\t\t<\/div>\n\t\t\t\t<div class=\"elementor-element elementor-element-cb536d1 elementor-widget elementor-widget-text-editor\" data-id=\"cb536d1\" data-element_type=\"widget\" data-e-type=\"widget\" data-widget_type=\"text-editor.default\">\n\t\t\t\t\t\t\t\t\t<h4>20\u20ac\/personne<\/h4>\t\t\t\t\t\t\t\t<\/div>\n\t\t\t\t<div class=\"elementor-element elementor-element-194ab08 elementor-widget-divider--view-line elementor-widget elementor-widget-divider\" data-id=\"194ab08\" data-element_type=\"widget\" data-e-type=\"widget\" data-widget_type=\"divider.default\">\n\t\t\t\t\t\t\t<div class=\"elementor-divider\">\n\t\t\t<span class=\"elementor-divider-separator\">\n\t\t\t\t\t\t<\/span>\n\t\t<\/div>\n\t\t\t\t\t\t<\/div>\n\t\t\t\t<div class=\"elementor-element elementor-element-baa071c elementor-widget elementor-widget-text-editor\" data-id=\"baa071c\" data-element_type=\"widget\" data-e-type=\"widget\" data-widget_type=\"text-editor.default\">\n\t\t\t\t\t\t\t\t\t<ul><li>Matin et apr\u00e8s-midi<\/li><li><strong>Sans guide<br \/><\/strong><\/li><li>Mat\u00e9riel fournis<\/li><li>Descente de 6 km (environ 1h)<\/li><\/ul>\t\t\t\t\t\t\t\t<\/div>\n\t\t\t\t\t<\/div>\n\t\t<\/div>\n\t\t\t\t<div class=\"elementor-column elementor-col-25 elementor-top-column elementor-element elementor-element-0da29a3\" data-id=\"0da29a3\" data-element_type=\"column\" data-e-type=\"column\">\n\t\t\t<div class=\"elementor-widget-wrap elementor-element-populated\">\n\t\t\t\t\t\t<div class=\"elementor-element elementor-element-7f524fd elementor-widget elementor-widget-heading\" data-id=\"7f524fd\" data-element_type=\"widget\" data-e-type=\"widget\" data-widget_type=\"heading.default\">\n\t\t\t\t\t<h3 class=\"elementor-heading-title elementor-size-default\">9 km<\/h3>\t\t\t\t<\/div>\n\t\t\t\t<div class=\"elementor-element elementor-element-559f321 elementor-widget elementor-widget-text-editor\" data-id=\"559f321\" data-element_type=\"widget\" data-e-type=\"widget\" data-widget_type=\"text-editor.default\">\n\t\t\t\t\t\t\t\t\t<h4>25\u20ac\/personne<\/h4>\t\t\t\t\t\t\t\t<\/div>\n\t\t\t\t<div class=\"elementor-element elementor-element-3d6b1f7 elementor-widget-divider--view-line elementor-widget elementor-widget-divider\" data-id=\"3d6b1f7\" data-element_type=\"widget\" data-e-type=\"widget\" data-widget_type=\"divider.default\">\n\t\t\t\t\t\t\t<div class=\"elementor-divider\">\n\t\t\t<span class=\"elementor-divider-separator\">\n\t\t\t\t\t\t<\/span>\n\t\t<\/div>\n\t\t\t\t\t\t<\/div>\n\t\t\t\t<div class=\"elementor-element elementor-element-d6f86e2 elementor-widget elementor-widget-text-editor\" data-id=\"d6f86e2\" data-element_type=\"widget\" data-e-type=\"widget\" data-widget_type=\"text-editor.default\">\n\t\t\t\t\t\t\t\t\t<ul><li>Matin et apr\u00e8s-midi<\/li><li><strong>Sans guide<br \/><\/strong><\/li><li>Mat\u00e9riel fournis<\/li><li>Descente de 9 km (environ 2h)<\/li><\/ul>\t\t\t\t\t\t\t\t<\/div>\n\t\t\t\t\t<\/div>\n\t\t<\/div>\n\t\t\t\t<div class=\"elementor-column elementor-col-25 elementor-top-column elementor-element elementor-element-d27eb39\" data-id=\"d27eb39\" data-element_type=\"column\" data-e-type=\"column\">\n\t\t\t<div class=\"elementor-widget-wrap elementor-element-populated\">\n\t\t\t\t\t\t<div class=\"elementor-element elementor-element-78de3e5 elementor-widget elementor-widget-heading\" data-id=\"78de3e5\" data-element_type=\"widget\" data-e-type=\"widget\" data-widget_type=\"heading.default\">\n\t\t\t\t\t<h3 class=\"elementor-heading-title elementor-size-default\">15 km<\/h3>\t\t\t\t<\/div>\n\t\t\t\t<div class=\"elementor-element elementor-element-b7f9da5 elementor-widget elementor-widget-text-editor\" data-id=\"b7f9da5\" data-element_type=\"widget\" data-e-type=\"widget\" data-widget_type=\"text-editor.default\">\n\t\t\t\t\t\t\t\t\t<h4>35\u20ac\/personne<\/h4>\t\t\t\t\t\t\t\t<\/div>\n\t\t\t\t<div class=\"elementor-element elementor-element-68a5df1 elementor-widget-divider--view-line elementor-widget elementor-widget-divider\" data-id=\"68a5df1\" data-element_type=\"widget\" data-e-type=\"widget\" data-widget_type=\"divider.default\">\n\t\t\t\t\t\t\t<div class=\"elementor-divider\">\n\t\t\t<span class=\"elementor-divider-separator\">\n\t\t\t\t\t\t<\/span>\n\t\t<\/div>\n\t\t\t\t\t\t<\/div>\n\t\t\t\t<div class=\"elementor-element elementor-element-9924e30 elementor-widget elementor-widget-text-editor\" data-id=\"9924e30\" data-element_type=\"widget\" data-e-type=\"widget\" data-widget_type=\"text-editor.default\">\n\t\t\t\t\t\t\t\t\t<ul><li>Matin et apr\u00e8s-midi<\/li><li><strong>Sans guide<br \/><\/strong><\/li><li>Mat\u00e9riel fournis<\/li><li>Descente de 15 km (environ 3h)<\/li><\/ul>\t\t\t\t\t\t\t\t<\/div>\n\t\t\t\t\t<\/div>\n\t\t<\/div>\n\t\t\t\t\t<\/div>\n\t\t<\/section>\n\t\t\t\t<\/div>\n\t\t","protected":false},"excerpt":{"rendered":"<p>CAN\u00d6E https:\/\/www.youtube.com\/watch?v=nwseUOYLCXs C&#8217;est quoi ? Le Cano\u00eb est une embarcation stable et s\u00e9curisante qui vous permet de d\u00e9couvrir, seul ou accompagn\u00e9 d\u2019un [&hellip;]<\/p>\n","protected":false},"author":1,"featured_media":0,"parent":0,"menu_order":0,"comment_status":"closed","ping_status":"closed","template":"elementor_header_footer","meta":{"footnotes":""},"class_list":["post-25","page","type-page","status-publish","hentry"],"_links":{"self":[{"href":"https:\/\/audeaventure.fr\/index.php?rest_route=\/wp\/v2\/pages\/25","targetHints":{"allow":["GET"]}}],"collection":[{"href":"https:\/\/audeaventure.fr\/index.php?rest_route=\/wp\/v2\/pages"}],"about":[{"href":"https:\/\/audeaventure.fr\/index.php?rest_route=\/wp\/v2\/types\/page"}],"author":[{"embeddable":true,"href":"https:\/\/audeaventure.fr\/index.php?rest_route=\/wp\/v2\/users\/1"}],"replies":[{"embeddable":true,"href":"https:\/\/audeaventure.fr\/index.php?rest_route=%2Fwp%2Fv2%2Fcomments&post=25"}],"version-history":[{"count":31,"href":"https:\/\/audeaventure.fr\/index.php?rest_route=\/wp\/v2\/pages\/25\/revisions"}],"predecessor-version":[{"id":787,"href":"https:\/\/audeaventure.fr\/index.php?rest_route=\/wp\/v2\/pages\/25\/revisions\/787"}],"wp:attachment":[{"href":"https:\/\/audeaventure.fr\/index.php?rest_route=%2Fwp%2Fv2%2Fmedia&parent=25"}],"curies":[{"name":"wp","href":"https:\/\/api.w.org\/{rel}","templated":true}]}}